{"id":727,"date":"2018-07-07T16:33:52","date_gmt":"2018-07-07T14:33:52","guid":{"rendered":"http:\/\/www.molenkunst.nl\/?page_id=727"},"modified":"2018-07-08T13:31:39","modified_gmt":"2018-07-08T11:31:39","slug":"engelse-molenkunst","status":"publish","type":"page","link":"https:\/\/www.molenkunst.nl\/?page_id=727","title":{"rendered":"Engelse molenkunst"},"content":{"rendered":"<figure id=\"attachment_734\" aria-describedby=\"caption-attachment-734\" style=\"width: 840px\" class=\"wp-caption alignnone\"><img loading=\"lazy\" decoding=\"async\" class=\"wp-image-734 size-large\" src=\"http:\/\/www.molenkunst.nl\/wp-content\/uploads\/2018\/07\/1832-Turner-GMI_OLD_9_88_57-1024x803.jpg\" alt=\"\" width=\"840\" height=\"659\" srcset=\"https:\/\/www.molenkunst.nl\/wp-content\/uploads\/2018\/07\/1832-Turner-GMI_OLD_9_88_57-1024x803.jpg 1024w, https:\/\/www.molenkunst.nl\/wp-content\/uploads\/2018\/07\/1832-Turner-GMI_OLD_9_88_57-300x235.jpg 300w, https:\/\/www.molenkunst.nl\/wp-content\/uploads\/2018\/07\/1832-Turner-GMI_OLD_9_88_57-768x602.jpg 768w, https:\/\/www.molenkunst.nl\/wp-content\/uploads\/2018\/07\/1832-Turner-GMI_OLD_9_88_57.jpg 1200w\" sizes=\"auto, (max-width: 709px) 85vw, (max-width: 909px) 67vw, (max-width: 1362px) 62vw, 840px\" \/><figcaption id=\"caption-attachment-734\" class=\"wp-caption-text\">William Turner (of Oxford): the old mill, 1832 (Gallery Oldham)<\/figcaption><\/figure>\n<p>het schilderen van landschappen is een vrij recente bezigheid voor engelse kunstenaars.\u00a0 <a href=\"https:\/\/www.nationalgallery.org.uk\/artists\/richard-wilson\" target=\"_blank\" rel=\"noopener\">Richard Wilson (1713-1782)<\/a> wordt wel gezien als de pionier van het genre, maar hij toont ons nog geen molens. Die komen we pas tegen het eind van de 18e eeuw op Engelse schilderijen tegen. De Britse schilders laten zich inspireren door de kunst op het continent, met name de Hollandse 17e eeuw.\u00a0 John Crome en John Sel Cotman beginnen hun carriere met het kopi\u00ebren van het molenschilderij van Rembrandt. En ook de beroemde John Constable kopi\u00ebert schilderijen van Jacob van Ruisdaal. Het Londense Dulwich Gallery museum heeft van \u00e9\u00e9n van die schilderijen zowel het origineel als het kopie in bezit. Heel leuk om te vergelijken.<\/p>\n<figure id=\"attachment_737\" aria-describedby=\"caption-attachment-737\" style=\"width: 276px\" class=\"wp-caption alignleft\"><img loading=\"lazy\" decoding=\"async\" class=\" wp-image-737\" src=\"http:\/\/www.molenkunst.nl\/wp-content\/uploads\/2018\/07\/1654-1656-Ruisdael-twee-molens.jpg\" alt=\"\" width=\"276\" height=\"260\" \/><figcaption id=\"caption-attachment-737\" class=\"wp-caption-text\">Jacob van Ruisdaal: Landschap met twee molens bij Haarlem, ca 1655 (Dulwich Picture Gallery, Londen)<\/figcaption><\/figure>\n<figure id=\"attachment_736\" aria-describedby=\"caption-attachment-736\" style=\"width: 292px\" class=\"wp-caption alignright\"><img loading=\"lazy\" decoding=\"async\" class=\" wp-image-736\" src=\"http:\/\/www.molenkunst.nl\/wp-content\/uploads\/2018\/07\/1830-Constable-Landscape-near-Haarlem-LSE_DPG_DPG657-300x258.jpg\" alt=\"\" width=\"292\" height=\"251\" srcset=\"https:\/\/www.molenkunst.nl\/wp-content\/uploads\/2018\/07\/1830-Constable-Landscape-near-Haarlem-LSE_DPG_DPG657-300x258.jpg 300w, https:\/\/www.molenkunst.nl\/wp-content\/uploads\/2018\/07\/1830-Constable-Landscape-near-Haarlem-LSE_DPG_DPG657-768x661.jpg 768w, https:\/\/www.molenkunst.nl\/wp-content\/uploads\/2018\/07\/1830-Constable-Landscape-near-Haarlem-LSE_DPG_DPG657.jpg 944w\" sizes=\"auto, (max-width: 292px) 85vw, 292px\" \/><figcaption id=\"caption-attachment-736\" class=\"wp-caption-text\">John Constable: Landscape with Windmills near Haarlem, 1830 (Dulwich Picture Gallery)<\/figcaption><\/figure>\n<p>&nbsp;<\/p>\n<p>&nbsp;<\/p>\n<p>&nbsp;<\/p>\n<p>&nbsp;<\/p>\n<p>&nbsp;<\/p>\n<p>&nbsp;<\/p>\n<p>&nbsp;<\/p>\n<p>En in de 19e eeuw barst het los met de Britse molenkunst. Overal worden landschapjes geschilderd waarop molens figureren. Maar de Engelsen doen het opvallend veel anders dan de Hollanders. Onze molens zien er op schilderijen doorgaans keurig onderhouden uit. Niet bij de Britten. Hier worden juist alle tekenen van verval uitvergroot. De Engelsen houden van drama!<\/p>\n<figure id=\"attachment_741\" aria-describedby=\"caption-attachment-741\" style=\"width: 800px\" class=\"wp-caption aligncenter\"><img loading=\"lazy\" decoding=\"async\" class=\"wp-image-741 size-full\" src=\"http:\/\/www.molenkunst.nl\/wp-content\/uploads\/2018\/07\/1855-Cooke-BCN_NM_EP_CONIN_01.jpg\" alt=\"\" width=\"800\" height=\"517\" srcset=\"https:\/\/www.molenkunst.nl\/wp-content\/uploads\/2018\/07\/1855-Cooke-BCN_NM_EP_CONIN_01.jpg 800w, https:\/\/www.molenkunst.nl\/wp-content\/uploads\/2018\/07\/1855-Cooke-BCN_NM_EP_CONIN_01-300x194.jpg 300w, https:\/\/www.molenkunst.nl\/wp-content\/uploads\/2018\/07\/1855-Cooke-BCN_NM_EP_CONIN_01-768x496.jpg 768w\" sizes=\"auto, (max-width: 800px) 85vw, 800px\" \/><figcaption id=\"caption-attachment-741\" class=\"wp-caption-text\">Cooke, Edward William (1811-1880): Old Draining Mill in the Huntingdonshire Fens (Norris Museum)<\/figcaption><\/figure>\n<figure id=\"attachment_740\" aria-describedby=\"caption-attachment-740\" style=\"width: 944px\" class=\"wp-caption alignnone\"><img loading=\"lazy\" decoding=\"async\" class=\"wp-image-740 size-full\" src=\"http:\/\/www.molenkunst.nl\/wp-content\/uploads\/2018\/07\/1830-1860-Creswick-NML_SUD_WAG_212.jpg\" alt=\"\" width=\"944\" height=\"628\" srcset=\"https:\/\/www.molenkunst.nl\/wp-content\/uploads\/2018\/07\/1830-1860-Creswick-NML_SUD_WAG_212.jpg 944w, https:\/\/www.molenkunst.nl\/wp-content\/uploads\/2018\/07\/1830-1860-Creswick-NML_SUD_WAG_212-300x200.jpg 300w, https:\/\/www.molenkunst.nl\/wp-content\/uploads\/2018\/07\/1830-1860-Creswick-NML_SUD_WAG_212-768x511.jpg 768w\" sizes=\"auto, (max-width: 709px) 85vw, (max-width: 909px) 67vw, (max-width: 1362px) 62vw, 840px\" \/><figcaption id=\"caption-attachment-740\" class=\"wp-caption-text\">Creswick, Thomas (1811-1869): The Windmill (Sudley House)<\/figcaption><\/figure>\n<figure id=\"attachment_743\" aria-describedby=\"caption-attachment-743\" style=\"width: 581px\" class=\"wp-caption aligncenter\"><img loading=\"lazy\" decoding=\"async\" class=\"wp-image-743 size-full\" src=\"http:\/\/www.molenkunst.nl\/wp-content\/uploads\/2018\/07\/1933-Garnt-bbc.jpg\" alt=\"\" width=\"581\" height=\"480\" srcset=\"https:\/\/www.molenkunst.nl\/wp-content\/uploads\/2018\/07\/1933-Garnt-bbc.jpg 581w, https:\/\/www.molenkunst.nl\/wp-content\/uploads\/2018\/07\/1933-Garnt-bbc-300x248.jpg 300w\" sizes=\"auto, (max-width: 581px) 85vw, 581px\" \/><figcaption id=\"caption-attachment-743\" class=\"wp-caption-text\">F.M. Garnt: Derelict, 1933 (Museum of Lincolnshire Life)<\/figcaption><\/figure>\n<p>De Engelsen zijn ook regelmatige bezoekers van het Nederlandse landschap. Soms wordt er dan in een Hollandse 19e eeuwse stijl geschilderd (Cooke) maar vaker passen ze toch hun eigen visie op schilderkunst toe zodat plots ook het Nederlandse landschap geschilderd door een Engelsman er heel engels uit gaat zien. Het werk van Stanfield is daar een wel extreem voorbeeld van.<\/p>\n<figure id=\"attachment_745\" aria-describedby=\"caption-attachment-745\" style=\"width: 840px\" class=\"wp-caption alignnone\"><img loading=\"lazy\" decoding=\"async\" class=\"wp-image-745 size-large\" src=\"http:\/\/www.molenkunst.nl\/wp-content\/uploads\/2018\/07\/1850-Cooke-KT_DOV_03_014-1024x703.jpg\" alt=\"\" width=\"840\" height=\"577\" srcset=\"https:\/\/www.molenkunst.nl\/wp-content\/uploads\/2018\/07\/1850-Cooke-KT_DOV_03_014-1024x703.jpg 1024w, https:\/\/www.molenkunst.nl\/wp-content\/uploads\/2018\/07\/1850-Cooke-KT_DOV_03_014-300x206.jpg 300w, https:\/\/www.molenkunst.nl\/wp-content\/uploads\/2018\/07\/1850-Cooke-KT_DOV_03_014-768x527.jpg 768w, https:\/\/www.molenkunst.nl\/wp-content\/uploads\/2018\/07\/1850-Cooke-KT_DOV_03_014.jpg 1200w\" sizes=\"auto, (max-width: 709px) 85vw, (max-width: 909px) 67vw, (max-width: 1362px) 62vw, 840px\" \/><figcaption id=\"caption-attachment-745\" class=\"wp-caption-text\">Cooke, Edward William: Dutch Saw Mill and Shipping on the Zuyder Zee, 1850 (Dover Collections)<\/figcaption><\/figure>\n<figure id=\"attachment_746\" aria-describedby=\"caption-attachment-746\" style=\"width: 506px\" class=\"wp-caption aligncenter\"><img loading=\"lazy\" decoding=\"async\" class=\"wp-image-746 size-full\" src=\"http:\/\/www.molenkunst.nl\/wp-content\/uploads\/2018\/07\/1813-1867-Stanfield-Dutch-Mill-GL_GM_1734.jpg\" alt=\"\" width=\"506\" height=\"685\" srcset=\"https:\/\/www.molenkunst.nl\/wp-content\/uploads\/2018\/07\/1813-1867-Stanfield-Dutch-Mill-GL_GM_1734.jpg 506w, https:\/\/www.molenkunst.nl\/wp-content\/uploads\/2018\/07\/1813-1867-Stanfield-Dutch-Mill-GL_GM_1734-222x300.jpg 222w\" sizes=\"auto, (max-width: 506px) 85vw, 506px\" \/><figcaption id=\"caption-attachment-746\" class=\"wp-caption-text\">Stanfield, Clarkson Frederick (1813-1867): A Dutch Mill (Glasgow Museums)<\/figcaption><\/figure>\n<p>Ook voor de\u00a0 <a href=\"https:\/\/nl.wikipedia.org\/wiki\/Molinologie\" target=\"_blank\" rel=\"noopener\">molinologen<\/a> onder ons is de Britse molenkunst interessant. De constructie van Engelse molens is vaak heel anders dan de Nederlandse praktijk. Als wij Nederlanders een molen met de wieken naar de wind willen richten, dan moeten wij zelf kruien, zwaar werk. De Britten laten de wind het kruiwerk doen, door middel van een klein wiekenkruisje haaks op de grote wieken. Ze drinken er dan zelf een kopje thee bij, met een wolkje melk.<\/p>\n<figure id=\"attachment_749\" aria-describedby=\"caption-attachment-749\" style=\"width: 291px\" class=\"wp-caption alignleft\"><img loading=\"lazy\" decoding=\"async\" class=\" wp-image-749\" src=\"http:\/\/www.molenkunst.nl\/wp-content\/uploads\/2018\/07\/1881-Snell-Kingsthorpe-Mill-BCN_NMG_L_208-300x222.jpg\" alt=\"\" width=\"291\" height=\"215\" srcset=\"https:\/\/www.molenkunst.nl\/wp-content\/uploads\/2018\/07\/1881-Snell-Kingsthorpe-Mill-BCN_NMG_L_208-300x222.jpg 300w, https:\/\/www.molenkunst.nl\/wp-content\/uploads\/2018\/07\/1881-Snell-Kingsthorpe-Mill-BCN_NMG_L_208-768x568.jpg 768w, https:\/\/www.molenkunst.nl\/wp-content\/uploads\/2018\/07\/1881-Snell-Kingsthorpe-Mill-BCN_NMG_L_208.jpg 800w\" sizes=\"auto, (max-width: 291px) 85vw, 291px\" \/><figcaption id=\"caption-attachment-749\" class=\"wp-caption-text\">Snell, James Herbert; Kingsthorpe Mill, Northamptonshire, 1881 (Northampton Museums &amp; Art Gallery)<\/figcaption><\/figure>\n<p>&nbsp;<\/p>\n<figure id=\"attachment_750\" aria-describedby=\"caption-attachment-750\" style=\"width: 292px\" class=\"wp-caption alignright\"><img loading=\"lazy\" decoding=\"async\" class=\" wp-image-750\" src=\"http:\/\/www.molenkunst.nl\/wp-content\/uploads\/2018\/07\/1911-Priestman-the-windmill-300x189.jpg\" alt=\"\" width=\"292\" height=\"184\" srcset=\"https:\/\/www.molenkunst.nl\/wp-content\/uploads\/2018\/07\/1911-Priestman-the-windmill-300x189.jpg 300w, https:\/\/www.molenkunst.nl\/wp-content\/uploads\/2018\/07\/1911-Priestman-the-windmill-768x485.jpg 768w, https:\/\/www.molenkunst.nl\/wp-content\/uploads\/2018\/07\/1911-Priestman-the-windmill.jpg 944w\" sizes=\"auto, (max-width: 292px) 85vw, 292px\" \/><figcaption id=\"caption-attachment-750\" class=\"wp-caption-text\">Priestman, Arnold; The Windmill; 1911 (Rochdale Arts &amp; Heritage Service)<\/figcaption><\/figure>\n<figure id=\"attachment_751\" aria-describedby=\"caption-attachment-751\" style=\"width: 294px\" class=\"wp-caption alignleft\"><img loading=\"lazy\" decoding=\"async\" class=\" wp-image-751\" src=\"http:\/\/www.molenkunst.nl\/wp-content\/uploads\/2018\/07\/1911-William-Grant-Murray-300x157.jpg\" alt=\"\" width=\"294\" height=\"154\" srcset=\"https:\/\/www.molenkunst.nl\/wp-content\/uploads\/2018\/07\/1911-William-Grant-Murray-300x157.jpg 300w, https:\/\/www.molenkunst.nl\/wp-content\/uploads\/2018\/07\/1911-William-Grant-Murray-768x402.jpg 768w, https:\/\/www.molenkunst.nl\/wp-content\/uploads\/2018\/07\/1911-William-Grant-Murray.jpg 800w\" sizes=\"auto, (max-width: 294px) 85vw, 294px\" \/><figcaption id=\"caption-attachment-751\" class=\"wp-caption-text\">William Grant Murray: Windmills, 1911 (Welsh National Museum)<\/figcaption><\/figure>\n<figure id=\"attachment_752\" aria-describedby=\"caption-attachment-752\" style=\"width: 294px\" class=\"wp-caption alignright\"><img loading=\"lazy\" decoding=\"async\" class=\" wp-image-752\" src=\"http:\/\/www.molenkunst.nl\/wp-content\/uploads\/2018\/07\/1990-2014-Garner-stantonwindmill-300x215.jpg\" alt=\"\" width=\"294\" height=\"211\" srcset=\"https:\/\/www.molenkunst.nl\/wp-content\/uploads\/2018\/07\/1990-2014-Garner-stantonwindmill-300x215.jpg 300w, https:\/\/www.molenkunst.nl\/wp-content\/uploads\/2018\/07\/1990-2014-Garner-stantonwindmill.jpg 450w\" sizes=\"auto, (max-width: 294px) 85vw, 294px\" \/><figcaption id=\"caption-attachment-752\" class=\"wp-caption-text\">Noel Garner: Bourne Postmill, ca 2010<\/figcaption><\/figure>\n<p>&nbsp;<\/p>\n<p>&nbsp;<\/p>\n<p>&nbsp;<\/p>\n<p>&nbsp;<\/p>\n<p>&nbsp;<\/p>\n<p>&nbsp;<\/p>\n<p>&nbsp;<\/p>\n<p>&nbsp;<\/p>\n<p>&nbsp;<\/p>\n<p>&nbsp;<\/p>\n<p>En ook op andere constructiedetails zit er bij de Britse molens nogal wat variatie in. Wat dacht u bij voorbeeld van een kruiwiel buiten de kap:<\/p>\n<figure id=\"attachment_753\" aria-describedby=\"caption-attachment-753\" style=\"width: 1000px\" class=\"wp-caption aligncenter\"><img loading=\"lazy\" decoding=\"async\" class=\"wp-image-753 size-full\" src=\"http:\/\/www.molenkunst.nl\/wp-content\/uploads\/2018\/07\/1884-Robinson-MER_WGM_W39.jpg\" alt=\"\" width=\"1000\" height=\"712\" srcset=\"https:\/\/www.molenkunst.nl\/wp-content\/uploads\/2018\/07\/1884-Robinson-MER_WGM_W39.jpg 1000w, https:\/\/www.molenkunst.nl\/wp-content\/uploads\/2018\/07\/1884-Robinson-MER_WGM_W39-300x214.jpg 300w, https:\/\/www.molenkunst.nl\/wp-content\/uploads\/2018\/07\/1884-Robinson-MER_WGM_W39-768x547.jpg 768w\" sizes=\"auto, (max-width: 709px) 85vw, (max-width: 909px) 67vw, (max-width: 1362px) 62vw, 840px\" \/><figcaption id=\"caption-attachment-753\" class=\"wp-caption-text\">Robinson, James Henry; Wallasey Mill, Wirral, 1884; Williamson Art Gallery &amp; Museum<\/figcaption><\/figure>\n<p>Of een standerdmolen, maar dan op een wanstaltig verhoogde voet:<\/p>\n<figure id=\"attachment_756\" aria-describedby=\"caption-attachment-756\" style=\"width: 944px\" class=\"wp-caption aligncenter\"><img loading=\"lazy\" decoding=\"async\" class=\"wp-image-756 size-full\" src=\"http:\/\/www.molenkunst.nl\/wp-content\/uploads\/2018\/07\/1840-nn-Post-mill-Tolney-Lane-Newark-NOT_NSDC_88_37_1.jpg\" alt=\"\" width=\"944\" height=\"656\" srcset=\"https:\/\/www.molenkunst.nl\/wp-content\/uploads\/2018\/07\/1840-nn-Post-mill-Tolney-Lane-Newark-NOT_NSDC_88_37_1.jpg 944w, https:\/\/www.molenkunst.nl\/wp-content\/uploads\/2018\/07\/1840-nn-Post-mill-Tolney-Lane-Newark-NOT_NSDC_88_37_1-300x208.jpg 300w, https:\/\/www.molenkunst.nl\/wp-content\/uploads\/2018\/07\/1840-nn-Post-mill-Tolney-Lane-Newark-NOT_NSDC_88_37_1-768x534.jpg 768w\" sizes=\"auto, (max-width: 709px) 85vw, (max-width: 909px) 67vw, (max-width: 1362px) 62vw, 840px\" \/><figcaption id=\"caption-attachment-756\" class=\"wp-caption-text\">unknown artist; Post Mill, Tolney Lane, Newark, Nottinghamshire, ca 1840 (Newark and Sherwood Museum Service)<\/figcaption><\/figure>\n<p>En waarom 4 wieken? 5 kan toch ook<\/p>\n<figure id=\"attachment_757\" aria-describedby=\"caption-attachment-757\" style=\"width: 840px\" class=\"wp-caption aligncenter\"><img loading=\"lazy\" decoding=\"async\" class=\"wp-image-757 size-large\" src=\"http:\/\/www.molenkunst.nl\/wp-content\/uploads\/2018\/07\/1820-1849-John_Ward_of_Hull_-_Stoneferry-1024x751.jpg\" alt=\"\" width=\"840\" height=\"616\" srcset=\"https:\/\/www.molenkunst.nl\/wp-content\/uploads\/2018\/07\/1820-1849-John_Ward_of_Hull_-_Stoneferry-1024x751.jpg 1024w, https:\/\/www.molenkunst.nl\/wp-content\/uploads\/2018\/07\/1820-1849-John_Ward_of_Hull_-_Stoneferry-300x220.jpg 300w, https:\/\/www.molenkunst.nl\/wp-content\/uploads\/2018\/07\/1820-1849-John_Ward_of_Hull_-_Stoneferry-768x564.jpg 768w, https:\/\/www.molenkunst.nl\/wp-content\/uploads\/2018\/07\/1820-1849-John_Ward_of_Hull_-_Stoneferry-1200x881.jpg 1200w\" sizes=\"auto, (max-width: 709px) 85vw, (max-width: 909px) 67vw, (max-width: 1362px) 62vw, 840px\" \/><figcaption id=\"caption-attachment-757\" class=\"wp-caption-text\">John Ward-of-Hull: Stoneferry, Hull, ca 1830 (particulier bezit)<\/figcaption><\/figure>\n<p>&nbsp;<\/p>\n<p>&nbsp;<\/p>\n<p>&nbsp;<\/p>\n","protected":false},"excerpt":{"rendered":"<p>het schilderen van landschappen is een vrij recente bezigheid voor engelse kunstenaars.\u00a0 Richard Wilson (1713-1782) wordt wel gezien als de pionier van het genre, maar hij toont ons nog geen molens. Die komen we pas tegen het eind van de 18e eeuw op Engelse schilderijen tegen. De Britse schilders laten zich inspireren door de kunst &hellip; <a href=\"https:\/\/www.molenkunst.nl\/?page_id=727\" class=\"more-link\">Lees verder <span class=\"screen-reader-text\">&#8220;Engelse molenkunst&#8221;<\/span><\/a><\/p>\n","protected":false},"author":3474,"featured_media":0,"parent":0,"menu_order":0,"comment_status":"closed","ping_status":"closed","template":"","meta":{"footnotes":""},"class_list":["post-727","page","type-page","status-publish","hentry"],"_links":{"self":[{"href":"https:\/\/www.molenkunst.nl\/index.php?rest_route=\/wp\/v2\/pages\/727","targetHints":{"allow":["GET"]}}],"collection":[{"href":"https:\/\/www.molenkunst.nl\/index.php?rest_route=\/wp\/v2\/pages"}],"about":[{"href":"https:\/\/www.molenkunst.nl\/index.php?rest_route=\/wp\/v2\/types\/page"}],"author":[{"embeddable":true,"href":"https:\/\/www.molenkunst.nl\/index.php?rest_route=\/wp\/v2\/users\/3474"}],"replies":[{"embeddable":true,"href":"https:\/\/www.molenkunst.nl\/index.php?rest_route=%2Fwp%2Fv2%2Fcomments&post=727"}],"version-history":[{"count":16,"href":"https:\/\/www.molenkunst.nl\/index.php?rest_route=\/wp\/v2\/pages\/727\/revisions"}],"predecessor-version":[{"id":766,"href":"https:\/\/www.molenkunst.nl\/index.php?rest_route=\/wp\/v2\/pages\/727\/revisions\/766"}],"wp:attachment":[{"href":"https:\/\/www.molenkunst.nl\/index.php?rest_route=%2Fwp%2Fv2%2Fmedia&parent=727"}],"curies":[{"name":"wp","href":"https:\/\/api.w.org\/{rel}","templated":true}]}}